2)/(-4)*(404 + 0).
2, 101
Suppose -4*r = 4*b - 5*r + 155, 4*b = 2*r - 158. Let m = b - -60. List the prime factors of m.
2, 11
What are the prime factors of 27/18*16/3?
2
Let z be (-12)/(-7) - (-8)/28. Suppose 2*u + 2*u = j + 19, 10 = 4*u + z*j. What are the prime factors of u?
2
Suppose 184 = 2*b + 5*j, -j = b - 0*j - 98. List the prime factors of b.
2, 3, 17
Suppose -2*m + 38 = -2*t - 54, 0 = 3*m - 5*t - 142. What are the prime factors of m?
2, 11
Suppose 4*k = -35 + 243. What are the prime factors of k?
2, 13
Let i be ((-15)/(-6))/(7/14). Suppose 3*q = 2*q + 4*a + 44, -2*a = i*q - 132. What are the prime factors of q?
2, 7
Suppose 3*t - 220 = 5*o, 2*t + 3*t - 300 = -5*o. List the prime factors of t.
5, 13
Let l be (2 - 2)/1 - -5. Suppose l*k - 6 - 54 = 0. List the prime factors of k.
2, 3
Let u be (4 - 2)/((-1)/(-5)). List the prime factors of 188/6 - u/(-15).
2
Let n(v) = -v - 6. Let f be n(-6). Suppose -h - 2 = -f*h. What are the prime factors of ((-8)/6)/(h/3)?
2
Suppose 7 = 5*l - 13. What are the prime factors of l?
2
Let p be 257 + (-16)/(-4) + -1. What are the prime factors of 16/88 - p/(-22)?
2, 3
Let n be 5/((15/12)/(-5)). Let u = n - -33. Let g = u - 8. List the prime factors of g.
5
Suppose -332 = -4*q - 4*v, -435 = -7*q + 2*q - v. What are the prime factors of q?
2, 11
What are the prime factors of 89/3 + 6/18?
2, 3, 5
Let l be (-2)/1 + 2 - 1. Let q(g) = 23*g**2 - g. What are the prime factors of q(l)?
2, 3
Suppose -u + 100 = 4*u. What are the prime factors of u?
2, 5
List the prime factors of 3/(3/2 + 1989/(-1343)).
2, 79
Let m be (-4)/5*(-10)/(-4). What are the prime factors of m/1 + 15 + -1?
2, 3
Let f be 1/(-3 + 64/20). Suppose 13 = f*l - 42. List the prime factors of l.
11
Suppose 3*c + 350 = -3*k + 923, -380 = -2*c - 3*k. What are the prime factors of c?
193
Let w be -2 - -1 - -3 - -7. Suppose t + 4*n = -16, -3*n + 2 - w = 2*t. What are the prime factors of t?
2
Let s be (-3 + (-26)/(-6))*-6. What are the prime factors of s/(-6)*21/2?
2, 7
Let a(p) = -13*p**3 + 2*p**2 - p - 2. List the prime factors of a(-2).
2, 7
Suppose -5*s + 15 = -z, 1 + 4 = 5*s + z. Suppose 3*p - s*d = -3*d + 14, 3*d = p - 18. Suppose -3*x + 21 = p. List the prime factors of x.
5
Let c(a) = a**3 + 10*a**2 + 5. What are the prime factors of c(-10)?
5
Suppose -3*x + 51 = 2*s, -2*s - 2*x + 48 = -0*x. Let c = 29 - s. What are the prime factors of c?
2
Suppose -10 = 3*q + 2*q, 0 = -4*f + 2*q + 244. Let x = -40 + f. What are the prime factors of x?
2, 5
Suppose 7*j - 3*j = -4*q - 8, 0 = -5*q - 10. Suppose j = -u + 28 + 13. What are the prime factors of u?
41
Suppose 3 + 21 = 5*p + 3*a, 3 = 5*p - 4*a. List the prime factors of p.
3
Let s(v) = v + 0*v - 2*v + 7. Suppose -4*d = -1 + 21. List the prime factors of s(d).
2, 3
Let m = 15 - 11. Suppose -m*k + u = -33, 5*u + 45 = 6*k - k. What are the prime factors of k?
2
Let c(u) = 2*u**2 - 9*u + 5. Let w(v) = -3*v**2 + 14*v - 8. Let h(a) = 7*c(a) + 5*w(a). List the prime factors of h(4).
7
Let h = -18 - -35. List the prime factors of h.
17
Suppose 2*z + 2*a - 4 = 0, -3*a + 3 = -2*z + 6*z. Let y = 10 + z. List the prime factors of y.
7
Suppose -49*s + 45*s + 552 = 0. What are the prime factors of s?
2, 3, 23
What are the prime factors of 0 - -19*3/3?
19
Suppose 0 = -3*u + 19 + 113. What are the prime factors of u?
2, 11
Let z = 3 - 3. Suppose 0 = 2*b - t - 84, 4*b + 3*t - t - 160 = z. Suppose 4*q - 3*p - 63 = -10, -4*q - p = -b. What are the prime factors of q?
11
Let t be (-905)/(-10) + (-3)/6. Suppose 3*r - t = -0*r. List the prime factors of r.
2, 3, 5
Let r(q) = -q**2 - 4*q + 7. Let n be r(-5). Suppose n*s - 18 - 122 = 0. Suppose -3*m + 14 = -5*p - 36, -5*m = 5*p - s. List the prime factors of m.
3, 5
Let b = 0 - 0. Suppose 0*z + 5*z = b. Suppose 5*o - 24 - 11 = z. List the prime factors of o.
7
Let d(v) = v**3 + 11*v**2 + 6*v - 8. What are the prime factors of d(-10)?
2
Suppose z + 37 = r + 9, -3*r - 5*z = -108. What are the prime factors of r?
31
What are the prime factors of 19 - (3 + 0 + -6)?
2, 11
Let m = 11 - 6. Suppose 2 = c + m. List the prime factors of -2*(-4)/(-3)*c.
2
Suppose -10*t + 469 - 69 = 0. What are the prime factors of t?
2, 5
Let w(q) = -q**2 + q - 56. Let u be w(0). Let g = u - -94. Suppose y - 26 = -0*a - 3*a, 0 = -2*y + a + g. List the prime factors of y.
2, 5
Suppose 2*s - 100 = -3*s. What are the prime factors of s?
2, 5
Suppose -156 = -3*n + 5*b + 38, -4*n + 2*b = -268. List the prime factors of n.
2, 17
Let b(f) = 3*f**3 - f + 1. Let q be 12/9 + 6/9. List the prime factors of b(q).
23
Suppose 4*o = -q + 27, 5*o + 4*q - 12 - 19 = 0. Let d = 7 - o. Suppose -t + 0 + 9 = d. What are the prime factors of t?
3
Let q(g) = 3*g - 8. Let c = 49 - 35. Let l = c + -8. What are the prime factors of q(l)?
2, 5
Let k = 12 + -35. Let r = 33 + k. What are the prime factors of r?
2, 5
Let x = 38 + -8. What are the prime factors of x?
2, 3, 5
Let q = 31 + -1. What are the prime factors of q?
2, 3, 5
Let h = 26 + -23. What are the prime factors of h?
3
Let l be 105/12 + 3/12. Suppose 2*z + 2*p = 3 + l, -3*p + 28 = 4*z. What are the prime factors of z?
2, 5
Suppose 3*w = 243 + 42. List the prime factors of w.
5, 19
Suppose 0 = 2*f - 5*m + 21, 0*f - 3*f - 4 = -2*m. Suppose -f*l - 4*u + 18 = -8*u, 43 = 4*l - u. What are the prime factors of l?
11
Suppose 2*n - 4 = -14. Suppose -5*q + 21 = -2*q. Let v = q + n. What are the prime factors of v?
2
Suppose 644 + 291 = 5*d. List the prime factors of d.
11, 17
Suppose -4*v = -2*v - 8, 5*j + v - 4 = 0. Let g(n) = -n + 26. Let i be g(j). Let q = 40 - i. List the prime factors of q.
2, 7
Let t be 37/(-3) - (-5)/15. What are the prime factors of 2/(-12) - 242/t?
2, 5
Let j = -208 + 442. List the prime factors of j.
2, 3, 13
Suppose -122 = -t - t. List the prime factors of t.
61
Let a be (3/(-6))/(1/(-6)). Suppose 0 = -0*y + a*y - 6. Suppose -3*m + 16 = -5*k, -y*m + k + 16 = -k. What are the prime factors of m?
2, 3
Suppose q + 3*q - 3*a - 33 = 0, -5*q = 4*a - 49. What are the prime factors of 6 - (5 + q/(-3))?
2
Suppose 0*f + 2*f = 5*u - 6, f = -u - 10. Let q = f + 17. List the prime factors of q.
3
Let m(d) = d - 5. Let s be m(10). Suppose h = -s*h + 150. List the prime factors of h.
5
Let h = 76 - 25. What are the prime factors of h?
3, 17
Let z be -1*(-3 - (2 - 1)). Let g(c) = c**3 - 5*c**2 + 6*c - 3. Let s be g(z). Suppose 0 = -m + s + 5. List the prime factors of m.
2, 5
What are the prime factors of -1*(3 + -82 + 0 + 1)?
2, 3, 13
Let h(t) = t**3 - t**2 - 1. Let x be h(0). List the prime factors of 9 + (2 - (x - -1)).
11
Let h be (4 - 3 - -2) + -1. Suppose x + 5*f - f = 36, h*x = -5*f + 60. What are the prime factors of x?
2, 5
Suppose 6 = 2*s - 0*s, -4*k = 5*s - 15. Suppose k = 3*l - 17 - 1. List the prime factors of l.
2, 3
Let v = -37 + 40. Let a(n) = 4*n**2 + n**3 - 6*n**3 + 4*n**3 + 4. List the prime factors of a(v).
13
Suppose 2*h = 4, -2*c - h + 2*h + 50 = 0. List the prime factors of c.
2, 13
Let k(z) = -2*z + 2*z + z. Let f be k(4). What are the prime factors of f + -2 + 9/3?
5
What are the prime factors of 103 + 3 - (-5 - (-12)/4)?
2, 3
Let k = -43 - -84. Suppose 2*g - 57 = -5*v, 3*v - 3*g = k - 11. What are the prime factors of v?
11
Let l(q) = 2*q**2 + 2*q - 2. Let n be l(-2). Let i(o) = 6*o**2 - 3*o. List the prime factors of i(n).
2, 3
Suppose -4*s + 66 = 3*q, 0 = -0*s + 3*s - 2*q - 58. What are the prime factors of s?
2, 3
Let d be 276/10 - 6/10. Let q = d - 18. List the prime factors of q.
3
List the prime factors of ((-5)/(-15))/(3/18).
2
Suppose -11*x + 279 = -8*x. What are the prime factors of x?
3, 31
Let a be (-3 - -3)*(-2)/4. Suppose 0 = 4*v - a*v - 48. List the prime factors of v.
2, 3
Suppose 5*u = 8 + 2. Suppose -u*p = -4*p + 4. Suppose 0 = -p*s - 4*q + 24, 5*q - 24 - 46 = -5*s. What are the prime factors of s?
2
Suppose -2*a - 5*h - 8 = 0, 4 + 0 = -2*a - 4*h. Let c = 18 - a. List the prime factors of c.
2, 3
Suppose -3*x - 5*l - 342 = x, 3*x + 274 = 5*l. What are the prime factors of x/(-12) + (-4)/(-6)?
2
Let k(i) = i**3 - 5*i**2 - 5*i + 9. Let w be k(6). Suppose 5*g - w = 5. Suppose 12 = g*n - n. What are the prime factors of n?
2
Let z(i) = 9*i**2 - i + 1. Let n be z(1). Suppose -r = 2*r - n. Suppose q - r*q - 2*j = -16, 8 = -2*